*d + y + 8 = -8, 0 = -5*y + 20. Suppose -66 = -d*t + 134. What are the prime factors of t?
2, 5
Let y be (4/(-6))/(2/(-3)). Let w(n) = 32*n**2 - 3 + 9*n**3 - 32*n**2 + n + 2. List the prime factors of w(y).
3
Suppose 1663 + 1857 = 16*y. List the prime factors of y.
2, 5, 11
Let h(m) = -m - 13. Let i be h(-13). Suppose i = -3*s + 40 + 68. What are the prime factors of s?
2, 3
Let g(v) = 160*v**2 + 6*v. What are the prime factors of g(4)?
2, 17, 19
List the prime factors of (0 - 12)/(9/(-384)).
2
Let i(h) = -53*h + 17. Let f(t) = 106*t - 35. Let n(j) = -2*f(j) - 5*i(j). List the prime factors of n(2).
7, 13
Suppose 35*w - 197 = 13. List the prime factors of w.
2, 3
Let a(x) = 3*x**3 + 22*x**2 - 28*x + 1. Let d(o) = -o**3 - 11*o**2 + 14*o - 1. Let h(p) = -2*a(p) - 5*d(p). List the prime factors of h(9).
3, 13
Suppose -4*y - 4*i - 175 + 1287 = 0, 0 = 5*y - 2*i - 1383. What are the prime factors of y?
277
Suppose -6*b = -3*l - 7*b - 5, -4*l - 5*b = 25. Suppose 204 = -5*f + 6*f. Suppose -7*p + p + f = l. List the prime factors of p.
2, 17
Suppose 4*z + 4 - 56 = 0. Let r = 56 + z. What are the prime factors of r?
3, 23
Suppose 2*q + 4*a = 0, -5*q + 3 = -q + 5*a. Suppose -2*j - 228 = -2*y, -j - 222 = -q*y + 3*j. List the prime factors of y.
3, 13
Let x = -1659 - -2586. List the prime factors of x.
3, 103
Let t = -548 - -959. What are the prime factors of t?
3, 137
List the prime factors of (-8582)/(-18) - (552/(-54) + 10).
3, 53
Let z = 984 - 917. List the prime factors of z.
67
Suppose -p + 8 = 3*p. Let y(v) = 179*v**2 + 2*v - 4. Let a be y(p). List the prime factors of 2/10 + a/20.
2, 3
Let c = -2410 - -6221. List the prime factors of c.
37, 103
Let q(h) = 3*h**2 + 7*h - 22. Let o be q(-9). Suppose 4*p = 5*u + o - 554, 5*u - 3*p = 392. List the prime factors of u.
2, 19
Let j(n) = -n**2 - 9*n - 13. Let a be j(-6). Suppose 0*p = -a*p + 230. What are the prime factors of p?
2, 23
Suppose -a - 345 = -5*x + 4*a, -203 = -3*x - a. Let n = -32 + x. List the prime factors of n.
2, 3
Let m = 68 + -68. Suppose 2*g - 436 = -m*j + 2*j, 3*g + 4*j - 668 = 0. What are the prime factors of g?
2, 5, 11
Suppose -12 = 16*j - 18*j. Suppose -v + 9 = j. List the prime factors of v.
3
Let m(p) = 254 - 493 + 248 + 93*p. What are the prime factors of m(1)?
2, 3, 17
Let f(l) = l**3 - 3*l**2 - 12*l + 10. Let q be f(10). Let d = q - 416. What are the prime factors of d?
2, 3, 29
Suppose 5*l - 4207 = j, -33*j + 845 = l - 35*j. What are the prime factors of l?
29
Suppose 2828 = 6*i + 572. What are the prime factors of i?
2, 47
Let d be 253/77 + (-2)/7. Suppose d*m - 4*c = -0*m - 2, -2*m = 2*c - 8. Suppose -2*v - m*v + 56 = 4*j, -66 = -5*v - j. What are the prime factors of v?
13
Suppose 10*q - 53303 = -12023. What are the prime factors of q?
2, 3, 43
Suppose 3*q + 9 = 2*z - 0, 3*q = -9. Suppose z = 2*t + 3*v - 63, -3*t + 132 = -3*v - 0*v. List the prime factors of t.
3, 13
Suppose -33 = 2*g + g. Let a(w) = w**3 + 11*w**2 - w - 2. Let s be a(g). List the prime factors of (12/s)/((-2)/(-9)).
2, 3
Let q = -1401 - -2464. List the prime factors of q.
1063
Suppose 57 = 6*j - 57. Suppose -4*h + 3*p + j = -52, 2*h - 4*p = 48. What are the prime factors of h?
2, 7
Suppose -9*n = -14*n - 130. What are the prime factors of (-6740)/(-130) - 4/n?
2, 13
Let x be (2 - 1)/3 + 28/(-12). What are the prime factors of x + 4*(-78)/(-24)?
11
Let f(y) = -3*y - 20. Let d be f(-7). List the prime factors of (d + 1)/((-1)/(73/(-2))).
73
Suppose -i - 3*b - 24 = 2*i, 5*i = 2*b - 40. What are the prime factors of (-745)/(-10) + 4/i?
2, 37
Let g(a) be the third derivative of a**5/12 - a**4/12 - a**3/3 - 8*a**2. Let k be g(-1). Suppose 113 + 82 = k*b. List the prime factors of b.
3, 13
Let y be (-10)/15 - 4/(-6). Suppose -3*o - 56 = -2*l - y*o, 0 = -l + 5*o + 42. What are the prime factors of l?
2, 11
Suppose 4*i - 4*p - 455 = 2301, 0 = 4*i - 5*p - 2761. List the prime factors of i.
2, 3, 19
Suppose -570 = -f + 4*z + 470, -2086 = -2*f + 2*z. What are the prime factors of f?
2, 3, 29
Let w = 2622 + 322. List the prime factors of w.
2, 23
Let o(l) = 3*l - 2. Let w be (13 - 9)*2/1. Suppose 20 = -3*t + w*t. What are the prime factors of o(t)?
2, 5
Let s = 400 + 242. List the prime factors of s.
2, 3, 107
List the prime factors of 1*(1/6 + (-20875)/(-30)).
2, 3, 29
Suppose 0 = 11*b + b - 3204. What are the prime factors of b?
3, 89
Let f(s) = -275*s**3 - 2*s**2 + 4*s + 2. List the prime factors of f(-1).
271
Suppose 4*u - 5 = 7. Let x(m) be the first derivative of 3*m**2 + m - 1. List the prime factors of x(u).
19
Suppose 3*m + 6 - 12 = 0. List the prime factors of m/(-3) + 3965/39.
101
Let y(x) = -x + 1. Let b(u) = 2*u - 6. Let t be b(6). Let w be y(t). List the prime factors of 6/w*(-5)/2.
3
Let h(a) = a + 4. Let t be h(2). Let r(p) = -p**2 + 9*p + 6. What are the prime factors of r(t)?
2, 3
Let n(b) = b**2 - b + 3. Let s be n(13). Let d = -86 + s. List the prime factors of d.
73
Let f = 1239 + -675. What are the prime factors of f?
2, 3, 47
Let o be (-9)/(45/(-152)) + 2/(-5). Let q(z) = z**3 - 30*z**2 + 12*z - 20. What are the prime factors of q(o)?
2, 5, 17
Let z(y) = y**3 - 21*y**2 + 21*y - 7. Let j be z(20). Let d(r) = -r**2 + 17*r + 6. List the prime factors of d(j).
2, 29
Suppose 4*o - 3*h + 948 = 0, -3*o - h - h = 694. Let l = -133 - o. Suppose 4*k - l = 95. List the prime factors of k.
7
Suppose 3*x = -2*u - 1, 0 = 5*x + 3*u - 5*u + 7. Let b be 14 - (x - -2)*1. List the prime factors of (-6 - -9)*b/3.
13
Let v be -1 + 4 - (-51)/3. Let x be v/(-50) - (-42)/5. Suppose 5*n + 4*i - 54 = -0*i, -2*i - x = -n. What are the prime factors of n?
2, 5
Let f(m) = 2*m**3 - 20*m**2 - 9*m + 18. What are the prime factors of f(12)?
2, 3
Suppose -5*q = -j + 10, 0*j + 4 = 3*j - 2*q. Suppose 4*w + 2*l - 176 = j, -w + 4*l - 7 = -42. Let o = -14 + w. What are the prime factors of o?
29
Let w = 11 + -7. Suppose 14 = -w*b - 6, -t - 2*b + 7 = 0. What are the prime factors of t?
17
Suppose -3*d = 4*b - 2, 10*b = -4*d + 7*b + 5. Let l(v) = 24*v**3 + v + 3. List the prime factors of l(d).
197
Suppose -2*v - 2*d = -32, 0 = -3*v + 4*v - 5*d + 8. Let u(y) be the second derivative of 2*y**3/3 - 19*y**2/2 - 7*y. What are the prime factors of u(v)?
29
Let o = 19 - 31. Let x(y) = -y**3 - 10*y**2 + 18*y + 11. What are the prime factors of x(o)?
83
Let i be (110/4)/((-24)/(-48)). Let a = -2 + i. List the prime factors of a.
53
Let f = -326 - -1425. List the prime factors of f.
7, 157
Let r(n) = 9*n**3 + 18*n**2 - 11*n - 21. Let s(w) = -5*w**3 - 9*w**2 + 6*w + 11. Let a(m) = 6*r(m) + 11*s(m). List the prime factors of a(8).
59
Let c be (3 - 1)/(5 - 7). Let l be (151 + (-1 - c))*1. Suppose -9 = -3*h - 0*h, 0 = 4*m + h - l. List the prime factors of m.
37
Suppose 97335 + 20475 = 85*g. List the prime factors of g.
2, 3, 7, 11
Suppose f = -m + 134, -3*m + 24 + 382 = 2*f. Suppose -9*a = -33 - m. What are the prime factors of a?
19
Suppose 4*h + 708 = 4*f, 364 = -2*h - 0*h + 4*f. Let n be ((-3)/(-6))/(2/h). Let j = 87 + n. List the prime factors of j.
2, 11
Suppose 81 = -t + 206. Suppose 29 - t = -6*p. List the prime factors of p.
2
Suppose -126*f + 121*f = -2195. List the prime factors of f.
439
Let t be (36/(-8))/(2/12). Let f be (-60)/t + 4/(-18). Suppose -z + 22 = f. What are the prime factors of z?
2, 5
What are the prime factors of 0/(-1) - 1572*23/(-69)?
2, 131
Let z be 6/2 + 0 - (0 - 4). Suppose -7*x - z*x = -2450. List the prime factors of x.
5, 7
List the prime factors of (-33246)/(-9) - (3 + -6).
3697
Let c(p) = p**2 + 3*p + 17. What are the prime factors of c(-13)?
3, 7
Suppose 5*w = -o + 23, -11 = -0*w - 5*w + 3*o. Suppose 30 = 3*c - 237. What are the prime factors of (-3)/12 + c/w?
2, 11
Let o = 0 - -5. Suppose 2*c = -3*c + o. Suppose x + c = -3*u, -6*x + 3*u + 71 = -2*x. What are the prime factors of x?
2, 7
Suppose -7*v - 40 = -5. What are the prime factors of (4 - v/(-2))*44?
2, 3, 11
Let u(t) = -t**3 - 10*t**2 - 7*t - 10. Let r be u(-7). Let s be (-4)/(0 + 8/r). Suppose 0 = -i + 4*i - s. List the prime factors of i.
2, 3
Let q(r) = 53*r**3 - 2*r**2 - 6*r + 2. What are the prime factors of q(3)?
11, 127
Let s = -24 - -36. Let q be (-1*s)/((-3)/(-18)). Let o = 9 - q. What are the prime factors of o?
3
Suppose x - 3*x = 32. L